w**3 - w**2 + 1. What is the remainder when t(d) is divided by 110/6 - (-2)/3?
18
Suppose 4*l = 3*l + 7. Calculate the remainder when l is divided by 5.
2
Suppose c + 24 = 2*c. What is the remainder when c is divided by 9?
6
Suppose 0 = 3*j + 6, -5*g - 5*j - 3 + 153 = 0. Calculate the remainder when g is divided by 12.
8
Suppose -22*b = -20*b - 126. Calculate the remainder when b is divided by 22.
19
Suppose -13*x + 17*x = 44. What is the remainder when x is divided by 4?
3
Calculate the remainder when (-1)/3*-31 + (-2)/(-3) is divided by 6.
5
Let w = 98 - 82. Calculate the remainder when 60 is divided by w.
12
Let c(f) = -f + 4. Calculate the remainder when 11 is divided by c(-3).
4
Let k(p) = p**2 + 2 + 0 + 2 - 6*p - 10. Let c be k(7). What is the remainder when -2*c*5/(-2) is divided by 2?
1
Let z(k) = 11*k - 10. Calculate the remainder when 64 is divided by z(3).
18
Suppose -2*s + 3*p = -28, -s - 4*s + 65 = -5*p. Calculate the remainder when (-298)/(-14) + 2/(-7) is divided by s.
10
Let k = -85 + 119. What is the remainder when k is divided by 212/18 + (-4)/(-18)?
10
Let r = 9 - 3. Suppose -26 = 5*d - r. Let v = 2 - d. Calculate the remainder when 17 is divided by v.
5
Let d = 11 + -5. Let a be (-88)/(-9) - 12/(-54). Let c = a + d. Calculate the remainder when 31 is divided by c.
15
Let l(y) = -3*y - 12. Let i be l(-5). Suppose 0 = -u - i*u + 80. What is the remainder when u is divided by 11?
9
Let i(f) = -f**2 - f + 22. What is the remainder when i(-5) is divided by 1/2 + 3/6?
0
Suppose -o = 2, -4 = -3*d - 0*d - o. Suppose -d*q + 3 = -7. What is the remainder when 27 is divided by (-42)/(-9)*(q - 2)?
13
Suppose -13*y + 26 = -12*y. Calculate the remainder when 103 is divided by y.
25
Let t = 178 - 134. What is the remainder when t is divided by 15 + 0 + (0 - 0)?
14
Suppose 0 = n - 6*n + 95. Suppose -4 - 17 = -c. Suppose -4*g = c - 61. What is the remainder when n is divided by g?
9
Let f = -48 + 82. What is the remainder when f is divided by 11?
1
What is the remainder when 1 - 6/3 - 11*-6 is divided by 23?
19
Let z be 5/((-10)/(-4)) + 0. Suppose -7*l - 3*a = -2*l + 4, -4*l + a + 7 = 0. What is the remainder when l/z*(6 + 70) is divided by 13?
12
Let z be (36/30)/(2/(-10)). Let l(s) = s**2 + 4*s + 9. Let j be l(z). Let t = j - 6. What is the remainder when t is divided by 8?
7
Suppose 2*y = y + 3. Suppose 5*v = y*v. Suppose 3*n - 2*n - 43 = v. What is the remainder when n is divided by 22?
21
Let n = -24 + 91. Let p = n + -47. Suppose -5*r + 4*u + 23 = 0, 2*u - 5 = 1. What is the remainder when p is divided by r?
6
Suppose -112 = -2*b + 2*i + 3*i, 0 = 4*i + 16. Suppose -3*l - 3*f + 35 = -2*f, 0 = f + 1. Calculate the remainder when b is divided by l.
10
Let b(v) = -v**3 + 6*v**2 - 12. Let c(z) = -z**3 + 7*z**2 - 12. Let i(o) = -6*b(o) + 5*c(o). Let k = 1 - -21. What is the remainder when k is divided by i(0)?
10
What is the remainder when 36 is divided by (-26 + (-2 - -2))/(-2)?
10
Let d(g) = 3*g + 9. What is the remainder when 30 is divided by d(0)?
3
Let w(j) be the first derivative of j**3/3 + 5*j**2/2 - 6*j - 4. Calculate the remainder when 35 is divided by w(-8).
17
Suppose 0 = -4*r + 396 - 84. Let z = 23 - -4. What is the remainder when r is divided by z?
24
Let m be (-6)/2 + 9 + -1. Suppose m*z - 3*n = 24, -2*n - 9 = z + 2*n. Suppose -8 = -j - 4*j - z*d, 2*d - 5 = -3*j. What is the remainder when 1 is divided by j?
0
Let x(l) = 5 + 3 - l - 4. Let n be ((-6)/(-3) - 5) + -3. What is the remainder when 19 is divided by x(n)?
9
Let c = 159 - 96. What is the remainder when c is divided by (-1)/(-1 + 2) + 17?
15
Let v(w) = w**3 - 4*w**2 - 2*w - 7. Let l be v(6). Let b = -22 + l. Calculate the remainder when b is divided by 16.
15
Calculate the remainder when 53 is divided by 1*4*27/6.
17
Suppose g + c - 148 = 3*c, 0 = 2*c - 4. Calculate the remainder when g is divided by 52.
48
Let f(s) = s**2 + 6*s. Let d be f(-6). Suppose d = -3*y + 32 + 16. Calculate the remainder when (13 - 10)*(-31)/(-3) is divided by y.
15
What is the remainder when 16 is divided by (-3)/((-3)/(2 + 4))?
4
Let a = 9 - 5. Suppose -g - 4*y - 2 = -6*y, -a*g = y - 1. Let x = g + 14. What is the remainder when 41 is divided by x?
13
Suppose 312 - 8 = 8*o. What is the remainder when 107 is divided by o?
31
Calculate the remainder when -5 + -3 + 6 - (-130 - 0) is divided by 22.
18
Let g = 14 - 8. Calculate the remainder when 23 is divided by g.
5
Suppose -z - 211 = -2*z - 4*o, 2*o + 898 = 4*z. Calculate the remainder when z is divided by 57.
52
Suppose 2*l - 120 = 5*x + 7, 3*x - 222 = -3*l. Calculate the remainder when l is divided by 11.
5
Let k be (0/(2/2))/1. Let j = 47 + -12. Suppose 5*t = -2*w + j, 0 = -3*w - t - k*t + 33. Calculate the remainder when 19 is divided by w.
9
Let t = 66 - 10. Calculate the remainder when t is divided by 15.
11
Suppose 10 = -4*o + 4*m + 58, -3*m - 3 = 0. What is the remainder when 39 is divided by o?
6
Suppose 3*i + h - 8 = -3*h, 3*h = -3*i + 9. What is the remainder when 7 is divided by i?
3
Calculate the remainder when 49 is divided by -1 + -1 + 0 - -28.
23
Let o be -1 + (3 - 0/(-2)). Suppose -62 = -4*h + o*a, 2*a + 53 = 5*h - 22. Let b = 88 - 50. Calculate the remainder when b is divided by h.
12
Suppose -6*u = 4*i - 2*u - 36, -4*u + 21 = i. Suppose 0 = 3*y - 3*x - 4 - 17, i*x - 5 = 0. Calculate the remainder when y is divided by 6.
2
Let s be 4/6 - 8/12. Suppose 0*p - 2*p + 8 = s. Suppose 2*k - 38 = -4*g, 5*g + 3*k - p*k - 37 = 0. What is the remainder when 22 is divided by g?
6
What is the remainder when (-7)/2*-15*2 is divided by 36?
33
Suppose 5*s - 5 = -5*u, -12 = 2*s - 4*s + 3*u. Let g = s + -6. Let i = -1 - g. What is the remainder when 3 is divided by i?
1
Suppose 0 = -6*c + 3*c + 60. What is the remainder when 57 is divided by c?
17
Suppose 5*m - 95 = -5*q, -4 = 5*q + 2*m - 84. Calculate the remainder when q is divided by 9.
5
Suppose -4*k + 6*w + 85 = w, 0 = 5*k - 4*w - 104. Calculate the remainder when 57 is divided by k.
17
Let y(a) = -a**2 + 12*a + 8. What is the remainder when 54 is divided by y(11)?
16
Suppose -4*z + 4*g + 244 = 0, 2*g = 4*z - 181 - 67. Calculate the remainder when z is divided by 13.
11
Suppose -v = g + 3, -4*v + 4*g = 5 + 7. Calculate the remainder when v/3*1*-19 is divided by 15*4*1/6.
9
Let a(x) = x**3 + 8*x**2 + 11*x + 4. Calculate the remainder when 68 is divided by a(-6).
8
Let w = 26 + -8. Suppose 2*l + g + 14 = -2*g, -2*l = -5*g - w. Calculate the remainder when 29 is divided by (5 - 0)*(4 + l).
14
Let r = 115 + -112. Calculate the remainder when 33 is divided by r.
0
Suppose 3 + 4 = c. Calculate the remainder when c is divided by 5.
2
Let o = -76 + 99. Calculate the remainder when 67 is divided by o.
21
Suppose 0 = -2*s + 2*n + 72, 5*s = n + 7 + 181. Calculate the remainder when 111 is divided by s.
35
Suppose -3*b + 6 = -27. What is the remainder when b is divided by 6?
5
Let m(j) = 7*j**2 + 3*j**2 + 5 - 4*j - 8*j**2. Let t(n) = n**3 - n**2 - n + 3. What is the remainder when m(3) is divided by t(0)?
2
Suppose 0 = -4*a + 90 - 14. What is the remainder when 23 is divided by a?
4
Suppose -2*w - 2*w + 52 = 0. Calculate the remainder when 37 is divided by w.
11
Suppose -11*y + 23*y = 108. Let o = 38 - 15. What is the remainder when o is divided by y?
5
Suppose -3*s + 3*i + 221 = 2*i, 0 = 5*s + 3*i - 359. Suppose 5*r + 19 = 519. Suppose 0 = -2*h - 2*h + r. What is the remainder when s is divided by h?
23
Suppose -9 = -n + 3. Suppose -3*g + 58 + 11 = 0. What is the remainder when g is divided by n?
11
Suppose -3*o + 59 = -x, o - 15 = -0*o - 2*x. What is the remainder when o is divided by 11?
8
What is the remainder when 1 is divided by (2/(-2))/(4 + -5)?
0
Let v = 84 - 68. What is the remainder when 28 is divided by v?
12
Let n(z) = -20*z + 1. Calculate the remainder when (36/10)/((-4)/(-90)) is divided by n(-1).
18
Let i = 71 + -50. Calculate the remainder when i is divided by 11.
10
Let h = 13 - -13. Let w(k) = k**3 - 4*k**2 - 6*k - 4. Let i be w(5). Let m = i + h. What is the remainder when 49 is divided by m?
15
Suppose 2*v - 70 = -3*v. What is the remainder when 55 is divided by v?
13
Let j(c) = -c**3 + 13*c**2 - 10*c + 4. Calculate the remainder when j(9) is divided by 24.
22
Let s = -52 +